{"id":41,"date":"2023-03-01T17:22:24","date_gmt":"2023-03-01T17:22:24","guid":{"rendered":"https:\/\/vadrouilleriesetcie.fr\/?page_id=41"},"modified":"2025-10-27T15:29:34","modified_gmt":"2025-10-27T15:29:34","slug":"qui-suis-je-presentation","status":"publish","type":"page","link":"https:\/\/vadrouilleriesetcie.fr\/index.php\/qui-suis-je-presentation\/","title":{"rendered":"Qui suis-je ?"},"content":{"rendered":"\n<p>Hello,<br>Je m\u2019appelle Cl\u00e9mentine, j\u2019ai 32 ans et je vis \u00e0 Tours. Je suis m\u00e9diatrice culturelle et je suis la fondatrice de <strong>Vadrouilleries &amp; Cie<\/strong>. Ici je vous raconte pourquoi et comment j&rsquo;ai imagin\u00e9 mon jeu de piste \u00ab\u00a0\u00c0 la recherche du gardien de Tours\u00a0\u00bb.<\/p>\n\n\n\n<h2 class=\"wp-block-heading has-large-font-size\">Pourquoi proposer un jeu de piste en ville aux familles ?<\/h2>\n\n\n\n<h3 class=\"wp-block-heading has-medium-font-size\">La cit\u00e9 tourangelle un territoire parfait pour exprimer ma passion<\/h3>\n\n\n\n<p>Apr\u00e8s quelques ann\u00e9es en tant que m\u00e9diatrice dans diff\u00e9rentes structures culturelles et patrimoniales, j\u2019ai choisi de me lancer \u00e0 mon compte en cr\u00e9ant Vadrouilleries &amp; Cie. Lorsque j\u2019ai fond\u00e9 mon entreprise, je venais tout juste d\u2019arriver \u00e0 Tours. J\u2019ai \u00e9t\u00e9 imm\u00e9diatement conquise par la richesse de cette ville. C&rsquo;\u00e9tait pour moi un terrain de jeu id\u00e9al pour lancer cette belle aventure !<\/p>\n\n\n\n<p>Ce que j\u2019aime particuli\u00e8rement dans mon m\u00e9tier c\u2019est qu\u2019on ne s\u2019ennuie jamais&nbsp;! Il y a toujours de nouvelles choses \u00e0 d\u00e9couvrir et \u00e0 partager avec le public. Curieuse et d\u00e9brouillarde, j\u2019appr\u00e9cie particuli\u00e8rement cr\u00e9er des outils et supports pour transmettre des connaissances. Je dessine depuis de nombreuses ann\u00e9es et j\u2019utilise beaucoup ce m\u00e9dium comme moyen de transmission pour mes supports de m\u00e9diation.<\/p>\n\n\n\n<h3 class=\"wp-block-heading has-medium-font-size\">Une ambition : faire d\u00e9couvrir la ville au jeune public <\/h3>\n\n\n\n<p>Ayant une affinit\u00e9 particuli\u00e8re avec le jeune public, j&rsquo;ai eu envie de cr\u00e9er un outil de visite de la ville, pens\u00e9 sp\u00e9cialement pour les parents et leurs enfants. Je suis bien consciente qu&rsquo;il n&rsquo;est pas toujours simple pour les parents de d\u00e9couvrir une ville, surtout lorsqu&rsquo;on ne la conna\u00eet pas ! <br>Expliquer l&rsquo;histoire, l&rsquo;architecture de tel ou tel monument aux plus jeunes n&rsquo;a rien d&rsquo;\u00e9vident ! On peut vite se sentir d\u00e9pass\u00e9 et d\u00e9muni face aux diff\u00e9rentes informations.<br><\/p>\n\n\n\n<div class=\"wp-block-buttons is-content-justification-center is-layout-flex wp-container-core-buttons-is-layout-1 wp-block-buttons-is-layout-flex\">\n<div class=\"wp-block-button\"><a class=\"wp-block-button__link has-secondary-background-color has-background wp-element-button\" href=\"https:\/\/www.billetweb.fr\/la-recherche-du-gardien-de-tours\"><strong>Billetterie<\/strong> <\/a><\/div>\n<\/div>\n\n\n\n<h3 class=\"wp-block-heading has-medium-font-size\">Proposer une visite originale et ludique de Tours<\/h3>\n\n\n\n<p>Gr\u00e2ce \u00e0 mes exp\u00e9riences professionnelles et \u00e0 mes \u00e9tudes ( je suis dipl\u00f4m\u00e9e d&rsquo;un master II en valorisation et m\u00e9diation des patrimoines ) r\u00e9pondre \u00e0 ces probl\u00e9matiques est au c\u0153ur de mon m\u00e9tier. <br>Avec cet objectif en t\u00eate je mes suis donc questionn\u00e9e sur la meilleure mani\u00e8re d&rsquo;y r\u00e9pondre. Et c\u2019est finalement assez naturellement que l&rsquo;id\u00e9e du<a href=\"https:\/\/vadrouilleriesetcie.fr\/index.php\/jeu-de-piste-famille\/\"> jeu de piste<\/a> s&rsquo;est impos\u00e9e. Ce format permet de vous proposer un vrai moment de qualit\u00e9 en famille. O\u00f9 petits et grands peuvent s&rsquo;amuser tout en d\u00e9couvrant le patrimoine de la ville. En plus de son aspect ludique, le jeu garde un v\u00e9ritable int\u00e9r\u00eat p\u00e9dagogique et \u00e9ducatif, offrant aux familles comme aux enseignants la possibilit\u00e9 d\u2019explorer la ville en toute s\u00e9r\u00e9nit\u00e9. <\/p>\n\n\n\n<h2 class=\"wp-block-heading has-large-font-size\">Ma mission \u00e0 travers \u00a0\u00bb \u00c0 la recherche du gardien de Tours \u00ab\u00a0<\/h2>\n\n\n\n<p class=\"has-small-font-size\">&#8211; Rendre la culture et le patrimoine <strong>accessible <\/strong>au plus grand nombre, et quoi de mieux que le jeu pour cela !<br>&#8211; Proposer un produit de qualit\u00e9, \u00e0 la fois <strong>simple, ludique et \u00e9ducatif<\/strong>, con\u00e7u pour un public que je ma\u00eetrise.<br>&#8211; Offrir <strong>un vrai moment de vie de famille<\/strong> o\u00f9 l&rsquo;on prend le temps de <strong>jouer<\/strong> ensemble tout en d\u00e9couvrant.<\/p>\n\n\n\n<div class=\"wp-block-buttons is-content-justification-center is-layout-flex wp-container-core-buttons-is-layout-2 wp-block-buttons-is-layout-flex\">\n<div class=\"wp-block-button has-custom-width wp-block-button__width-25 is-style-fill\"><a class=\"wp-block-button__link has-white-color has-tertiary-background-color has-text-color has-background has-link-color wp-element-button\" href=\"https:\/\/www.billetweb.fr\/la-recherche-du-gardien-de-tours\" style=\"border-radius:24px;padding-top:var(--wp--preset--spacing--40);padding-right:var(--wp--preset--spacing--40);padding-bottom:var(--wp--preset--spacing--40);padding-left:var(--wp--preset--spacing--40)\"><strong>Je r\u00e9serve !<\/strong><\/a><\/div>\n<\/div>\n\n\n\n<h2 class=\"wp-block-heading has-large-font-size\">Les publics concern\u00e9s par mon jeu de piste<\/h2>\n\n\n\n<p>Le jeu ne s&rsquo;adresse pas uniquement aux familles de passage \u00e0 Tours. Beaucoup de mes utilisateurs sont des habitants locaux, et je suis toujours ravie de les entendre me dire qu\u2019ils ont pu, gr\u00e2ce \u00e0 mon <strong>jeu de piste dans la ville<\/strong>, red\u00e9couvrir Tours. Bien souvent, on r\u00e9alise que ce sont finalement les lieux o\u00f9 l\u2019on vit que l\u2019on conna\u00eet le moins. Happ\u00e9s par notre vie quotidienne, on ne prend plus le temps de contempler et d\u2019admirer ce qui nous entoure.<br>La dimension \u00e9ducative, p\u00e9dagogique et ludique du jeu de piste le rend \u00e9galement accessible aux <a href=\"https:\/\/vadrouilleriesetcie.fr\/index.php\/scolaires\/\">scolaires<\/a> et aux <a href=\"https:\/\/vadrouilleriesetcie.fr\/index.php\/centres-de-loisirs-2\/\">centres de loisirs<\/a>.<\/p>\n\n\n\n<p class=\"has-text-align-center has-tertiary-color has-text-color has-link-color has-extra-small-font-size wp-elements-3829054711a670ecb5e6d9b14a2abf0c\"><strong>Rien de mieux que de laisser la parole \u00e0 celles et ceux qui ont d\u00e9j\u00e0 test\u00e9 le jeu !<\/strong><br><strong> Voici leurs retours d\u2019exp\u00e9rience <\/strong>:<\/p>\n\n\n\n<blockquote class=\"wp-block-quote is-layout-flow wp-block-quote-is-layout-flow\">\n<p>Super moment en famille, le contenu du sac est tr\u00e8s sympa ! On visite le centre-ville de mani\u00e8re enrichissante et amusante. Je recommande +++ pour une demi-journ\u00e9e qui change des activit\u00e9s plus classiques.<\/p>\n\n\n\n<p class=\"has-text-align-right has-extra-small-font-size\">Audrey, Avis Google<\/p>\n<\/blockquote>\n\n\n\n<blockquote class=\"wp-block-quote is-layout-flow wp-block-quote-is-layout-flow\">\n<p>Excellente organisation et mat\u00e9riel support de grande qualit\u00e9. Le parcours est agr\u00e9able et accessible, riche de tous les beaux endroits de la ville de Tours.<br>Je recommande vivement cette activit\u00e9.<\/p>\n\n\n\n<p class=\"has-text-align-right has-extra-small-font-size\">Antoine, Avis Google<\/p>\n<\/blockquote>\n\n\n\n<h2 class=\"wp-block-heading has-large-font-size\">La poursuite de l&rsquo;aventure Vadrouilleries &amp; Cie &#8230;<\/h2>\n\n\n\n<p>A moyen terme je souhaite d\u00e9velopper mon activit\u00e9 en proposant aux professionnels du tourisme et de la culture mes services en tant que prestataire pour la r\u00e9alisation de diff\u00e9rents outils de m\u00e9diation ( livret jeu, parcours ludique, etc. ) Alors si vous \u00eates un professionnel vous pouvez me <a href=\"https:\/\/vadrouilleriesetcie.fr\/index.php\/contact\/\">contacter<\/a>&nbsp;!<\/p>\n\n\n\n<p><\/p>\n\n\n\n<p><\/p>\n","protected":false},"excerpt":{"rendered":"<p>Hello,Je m\u2019appelle Cl\u00e9mentine, j\u2019ai 32 ans et je vis \u00e0 Tours. Je suis m\u00e9diatrice culturelle et je suis la fondatrice de Vadrouilleries &amp; Cie. Ici&hellip;<\/p>\n","protected":false},"author":1,"featured_media":0,"parent":0,"menu_order":0,"comment_status":"closed","ping_status":"closed","template":"","meta":{"_uag_custom_page_level_css":"","footnotes":""},"class_list":["post-41","page","type-page","status-publish","hentry"],"yoast_head":"<!-- This site is optimized with the Yoast SEO plugin v26.0 - https:\/\/yoast.com\/wordpress\/plugins\/seo\/ -->\n<title>Jeu de piste en ville : Vadrouilleries &amp; Cie<\/title>\n<meta name=\"description\" content=\"\u00c0 la recherche du gardien de Tours, un jeu de piste en ville unique et familial cr\u00e9\u00e9 par une professionnelle de la m\u00e9diation culturelle.\" \/>\n<meta name=\"robots\" content=\"index, follow, max-snippet:-1, max-image-preview:large, max-video-preview:-1\" \/>\n<link rel=\"canonical\" href=\"https:\/\/vadrouilleriesetcie.fr\/index.php\/qui-suis-je-presentation\/\" \/>\n<meta property=\"og:locale\" content=\"fr_FR\" \/>\n<meta property=\"og:type\" content=\"article\" \/>\n<meta property=\"og:title\" content=\"Jeu de piste en ville : Vadrouilleries &amp; Cie\" \/>\n<meta property=\"og:description\" content=\"\u00c0 la recherche du gardien de Tours, un jeu de piste en ville unique et familial cr\u00e9\u00e9 par une professionnelle de la m\u00e9diation culturelle.\" \/>\n<meta property=\"og:url\" content=\"https:\/\/vadrouilleriesetcie.fr\/index.php\/qui-suis-je-presentation\/\" \/>\n<meta property=\"og:site_name\" content=\"Vadrouilleries &amp; Cie\" \/>\n<meta property=\"article:publisher\" content=\"https:\/\/www.facebook.com\/vadrouilleries.et.cie\" \/>\n<meta property=\"article:modified_time\" content=\"2025-10-27T15:29:34+00:00\" \/>\n<meta name=\"twitter:card\" content=\"summary_large_image\" \/>\n<meta name=\"twitter:label1\" content=\"Dur\u00e9e de lecture estim\u00e9e\" \/>\n\t<meta name=\"twitter:data1\" content=\"4 minutes\" \/>\n<script type=\"application\/ld+json\" class=\"yoast-schema-graph\">{\"@context\":\"https:\/\/schema.org\",\"@graph\":[{\"@type\":\"WebPage\",\"@id\":\"https:\/\/vadrouilleriesetcie.fr\/index.php\/qui-suis-je-presentation\/\",\"url\":\"https:\/\/vadrouilleriesetcie.fr\/index.php\/qui-suis-je-presentation\/\",\"name\":\"Jeu de piste en ville : Vadrouilleries & Cie\",\"isPartOf\":{\"@id\":\"https:\/\/vadrouilleriesetcie.fr\/#website\"},\"datePublished\":\"2023-03-01T17:22:24+00:00\",\"dateModified\":\"2025-10-27T15:29:34+00:00\",\"description\":\"\u00c0 la recherche du gardien de Tours, un jeu de piste en ville unique et familial cr\u00e9\u00e9 par une professionnelle de la m\u00e9diation culturelle.\",\"breadcrumb\":{\"@id\":\"https:\/\/vadrouilleriesetcie.fr\/index.php\/qui-suis-je-presentation\/#breadcrumb\"},\"inLanguage\":\"fr-FR\",\"potentialAction\":[{\"@type\":\"ReadAction\",\"target\":[\"https:\/\/vadrouilleriesetcie.fr\/index.php\/qui-suis-je-presentation\/\"]}]},{\"@type\":\"BreadcrumbList\",\"@id\":\"https:\/\/vadrouilleriesetcie.fr\/index.php\/qui-suis-je-presentation\/#breadcrumb\",\"itemListElement\":[{\"@type\":\"ListItem\",\"position\":1,\"name\":\"Home\",\"item\":\"https:\/\/vadrouilleriesetcie.fr\/\"},{\"@type\":\"ListItem\",\"position\":2,\"name\":\"Qui suis-je ?\"}]},{\"@type\":\"WebSite\",\"@id\":\"https:\/\/vadrouilleriesetcie.fr\/#website\",\"url\":\"https:\/\/vadrouilleriesetcie.fr\/\",\"name\":\"Vadrouilleries & Cie\",\"description\":\"\",\"publisher\":{\"@id\":\"https:\/\/vadrouilleriesetcie.fr\/#organization\"},\"potentialAction\":[{\"@type\":\"SearchAction\",\"target\":{\"@type\":\"EntryPoint\",\"urlTemplate\":\"https:\/\/vadrouilleriesetcie.fr\/?s={search_term_string}\"},\"query-input\":{\"@type\":\"PropertyValueSpecification\",\"valueRequired\":true,\"valueName\":\"search_term_string\"}}],\"inLanguage\":\"fr-FR\"},{\"@type\":\"Organization\",\"@id\":\"https:\/\/vadrouilleriesetcie.fr\/#organization\",\"name\":\"Vadrouilleries & Cie\",\"url\":\"https:\/\/vadrouilleriesetcie.fr\/\",\"logo\":{\"@type\":\"ImageObject\",\"inLanguage\":\"fr-FR\",\"@id\":\"https:\/\/vadrouilleriesetcie.fr\/#\/schema\/logo\/image\/\",\"url\":\"https:\/\/vadrouilleriesetcie.fr\/wp-content\/uploads\/2023\/03\/cropped-LOGO-FINI-1.png\",\"contentUrl\":\"https:\/\/vadrouilleriesetcie.fr\/wp-content\/uploads\/2023\/03\/cropped-LOGO-FINI-1.png\",\"width\":1165,\"height\":1196,\"caption\":\"Vadrouilleries & Cie\"},\"image\":{\"@id\":\"https:\/\/vadrouilleriesetcie.fr\/#\/schema\/logo\/image\/\"},\"sameAs\":[\"https:\/\/www.facebook.com\/vadrouilleries.et.cie\"]}]}<\/script>\n<!-- \/ Yoast SEO plugin. -->","yoast_head_json":{"title":"Jeu de piste en ville : Vadrouilleries & Cie","description":"\u00c0 la recherche du gardien de Tours, un jeu de piste en ville unique et familial cr\u00e9\u00e9 par une professionnelle de la m\u00e9diation culturelle.","robots":{"index":"index","follow":"follow","max-snippet":"max-snippet:-1","max-image-preview":"max-image-preview:large","max-video-preview":"max-video-preview:-1"},"canonical":"https:\/\/vadrouilleriesetcie.fr\/index.php\/qui-suis-je-presentation\/","og_locale":"fr_FR","og_type":"article","og_title":"Jeu de piste en ville : Vadrouilleries & Cie","og_description":"\u00c0 la recherche du gardien de Tours, un jeu de piste en ville unique et familial cr\u00e9\u00e9 par une professionnelle de la m\u00e9diation culturelle.","og_url":"https:\/\/vadrouilleriesetcie.fr\/index.php\/qui-suis-je-presentation\/","og_site_name":"Vadrouilleries &amp; Cie","article_publisher":"https:\/\/www.facebook.com\/vadrouilleries.et.cie","article_modified_time":"2025-10-27T15:29:34+00:00","twitter_card":"summary_large_image","twitter_misc":{"Dur\u00e9e de lecture estim\u00e9e":"4 minutes"},"schema":{"@context":"https:\/\/schema.org","@graph":[{"@type":"WebPage","@id":"https:\/\/vadrouilleriesetcie.fr\/index.php\/qui-suis-je-presentation\/","url":"https:\/\/vadrouilleriesetcie.fr\/index.php\/qui-suis-je-presentation\/","name":"Jeu de piste en ville : Vadrouilleries & Cie","isPartOf":{"@id":"https:\/\/vadrouilleriesetcie.fr\/#website"},"datePublished":"2023-03-01T17:22:24+00:00","dateModified":"2025-10-27T15:29:34+00:00","description":"\u00c0 la recherche du gardien de Tours, un jeu de piste en ville unique et familial cr\u00e9\u00e9 par une professionnelle de la m\u00e9diation culturelle.","breadcrumb":{"@id":"https:\/\/vadrouilleriesetcie.fr\/index.php\/qui-suis-je-presentation\/#breadcrumb"},"inLanguage":"fr-FR","potentialAction":[{"@type":"ReadAction","target":["https:\/\/vadrouilleriesetcie.fr\/index.php\/qui-suis-je-presentation\/"]}]},{"@type":"BreadcrumbList","@id":"https:\/\/vadrouilleriesetcie.fr\/index.php\/qui-suis-je-presentation\/#breadcrumb","itemListElement":[{"@type":"ListItem","position":1,"name":"Home","item":"https:\/\/vadrouilleriesetcie.fr\/"},{"@type":"ListItem","position":2,"name":"Qui suis-je ?"}]},{"@type":"WebSite","@id":"https:\/\/vadrouilleriesetcie.fr\/#website","url":"https:\/\/vadrouilleriesetcie.fr\/","name":"Vadrouilleries & Cie","description":"","publisher":{"@id":"https:\/\/vadrouilleriesetcie.fr\/#organization"},"potentialAction":[{"@type":"SearchAction","target":{"@type":"EntryPoint","urlTemplate":"https:\/\/vadrouilleriesetcie.fr\/?s={search_term_string}"},"query-input":{"@type":"PropertyValueSpecification","valueRequired":true,"valueName":"search_term_string"}}],"inLanguage":"fr-FR"},{"@type":"Organization","@id":"https:\/\/vadrouilleriesetcie.fr\/#organization","name":"Vadrouilleries & Cie","url":"https:\/\/vadrouilleriesetcie.fr\/","logo":{"@type":"ImageObject","inLanguage":"fr-FR","@id":"https:\/\/vadrouilleriesetcie.fr\/#\/schema\/logo\/image\/","url":"https:\/\/vadrouilleriesetcie.fr\/wp-content\/uploads\/2023\/03\/cropped-LOGO-FINI-1.png","contentUrl":"https:\/\/vadrouilleriesetcie.fr\/wp-content\/uploads\/2023\/03\/cropped-LOGO-FINI-1.png","width":1165,"height":1196,"caption":"Vadrouilleries & Cie"},"image":{"@id":"https:\/\/vadrouilleriesetcie.fr\/#\/schema\/logo\/image\/"},"sameAs":["https:\/\/www.facebook.com\/vadrouilleries.et.cie"]}]}},"uagb_featured_image_src":{"full":false,"thumbnail":false,"medium":false,"medium_large":false,"large":false,"1536x1536":false,"2048x2048":false},"uagb_author_info":{"display_name":"vadrouilleries.et.cie@gmail.com","author_link":"https:\/\/vadrouilleriesetcie.fr\/index.php\/author\/vadrouilleries-et-ciegmail-com\/"},"uagb_comment_info":0,"uagb_excerpt":"Hello,Je m\u2019appelle Cl\u00e9mentine, j\u2019ai 32 ans et je vis \u00e0 Tours. Je suis m\u00e9diatrice culturelle et je suis la fondatrice de Vadrouilleries &amp; Cie. Ici&hellip;","_links":{"self":[{"href":"https:\/\/vadrouilleriesetcie.fr\/index.php\/wp-json\/wp\/v2\/pages\/41","targetHints":{"allow":["GET"]}}],"collection":[{"href":"https:\/\/vadrouilleriesetcie.fr\/index.php\/wp-json\/wp\/v2\/pages"}],"about":[{"href":"https:\/\/vadrouilleriesetcie.fr\/index.php\/wp-json\/wp\/v2\/types\/page"}],"author":[{"embeddable":true,"href":"https:\/\/vadrouilleriesetcie.fr\/index.php\/wp-json\/wp\/v2\/users\/1"}],"replies":[{"embeddable":true,"href":"https:\/\/vadrouilleriesetcie.fr\/index.php\/wp-json\/wp\/v2\/comments?post=41"}],"version-history":[{"count":21,"href":"https:\/\/vadrouilleriesetcie.fr\/index.php\/wp-json\/wp\/v2\/pages\/41\/revisions"}],"predecessor-version":[{"id":693,"href":"https:\/\/vadrouilleriesetcie.fr\/index.php\/wp-json\/wp\/v2\/pages\/41\/revisions\/693"}],"wp:attachment":[{"href":"https:\/\/vadrouilleriesetcie.fr\/index.php\/wp-json\/wp\/v2\/media?parent=41"}],"curies":[{"name":"wp","href":"https:\/\/api.w.org\/{rel}","templated":true}]}}